nd 1152278.
1142
Calculate the highest common factor of 1648 and 9167.
103
Calculate the highest common factor of 110130 and 1380.
30
What is the greatest common divisor of 26877 and 2669?
17
Calculate the highest common divisor of 224 and 553.
7
Calculate the greatest common divisor of 40328 and 8.
8
What is the highest common divisor of 115380 and 8460?
180
Calculate the greatest common divisor of 57878 and 36342.
1346
Calculate the highest common divisor of 1380 and 114126.
138
What is the highest common factor of 702 and 5238?
54
Calculate the highest common factor of 189 and 1071.
63
What is the greatest common divisor of 22601 and 194?
97
Calculate the greatest common divisor of 271821 and 132.
33
Calculate the greatest common factor of 1610928 and 216.
216
Calculate the highest common divisor of 589 and 3629.
19
Calculate the highest common divisor of 12 and 26298.
6
Calculate the greatest common factor of 1088 and 28.
4
What is the highest common factor of 211392 and 6?
6
What is the greatest common divisor of 42713 and 72365?
353
Calculate the highest common divisor of 3960 and 17688.
264
Calculate the greatest common factor of 94 and 824803.
47
What is the greatest common factor of 26854 and 3074?
58
What is the greatest common factor of 9676 and 820?
164
Calculate the highest common divisor of 99296 and 58.
58
Calculate the highest common factor of 114511 and 921.
307
Calculate the highest common factor of 402 and 538814.
134
Calculate the greatest common divisor of 336 and 229236.
84
What is the greatest common divisor of 4160 and 9516?
52
What is the greatest common factor of 2021 and 1591?
43
What is the greatest common factor of 175729 and 17?
17
Calculate the highest common divisor of 5660 and 2220.
20
Calculate the highest common divisor of 539 and 241.
1
Calculate the greatest common divisor of 1264 and 2112.
16
Calculate the highest common factor of 595 and 4571.
7
Calculate the highest common divisor of 3014 and 41785.
137
Calculate the highest common divisor of 28916 and 4.
4
What is the greatest common factor of 12938 and 1?
1
What is the highest common factor of 77 and 25487?
77
Calculate the highest common divisor of 43 and 121.
1
Calculate the highest common factor of 333 and 61161.
111
What is the highest common factor of 7068 and 36?
12
Calculate the greatest common divisor of 28740 and 20340.
60
Calculate the highest common factor of 554321 and 302.
151
Calculate the greatest common factor of 127899 and 162.
81
What is the highest common factor of 2625 and 43995?
105
What is the highest common factor of 12 and 131292?
12
Calculate the greatest common factor of 23987 and 459.
17
Calculate the greatest common divisor of 16313 and 143.
11
Calculate the highest common factor of 26173 and 1561.
7
Calculate the highest common divisor of 870 and 19923.
87
Calculate the highest common factor of 17964 and 1620.
36
What is the highest common factor of 726 and 10955703?
363
Calculate the highest common divisor of 3103 and 2291.
29
What is the highest common divisor of 651217 and 217?
217
What is the highest common factor of 92 and 3013?
23
Calculate the greatest common factor of 114 and 9078.
6
What is the greatest common factor of 361 and 47101?
19
Calculate the greatest common divisor of 1028900 and 100.
100
What is the highest common factor of 5379 and 397557?
489
Calculate the highest common divisor of 3687 and 39.
3
Calculate the highest common factor of 228 and 950247.
57
What is the highest common factor of 45 and 1143405?
45
Calculate the highest common divisor of 117 and 2197.
13
Calculate the highest common factor of 160923 and 582.
291
What is the highest common factor of 38 and 1383751?
19
What is the greatest common factor of 420 and 224760?
60
What is the highest common factor of 700674 and 13?
13
Calculate the greatest common divisor of 175065 and 2805.
165
What is the greatest common divisor of 23095 and 1240?
155
Calculate the greatest common factor of 1114634 and 654.
218
What is the highest common factor of 22776 and 657?
219
What is the highest common divisor of 14192 and 4688?
16
What is the greatest common factor of 609 and 20265?
21
What is the highest common factor of 57240 and 2580?
60
Calculate the greatest common divisor of 170 and 116195.
85
What is the greatest common factor of 357348 and 3201?
291
What is the highest common divisor of 78846 and 918?
102
What is the highest common factor of 86 and 1291462?
86
Calculate the highest common divisor of 950 and 15390.
190
Calculate the greatest common divisor of 343975 and 200.
25
What is the highest common divisor of 208 and 14794?
26
Calculate the greatest common factor of 4677 and 3.
3
Calculate the highest common factor of 1433659 and 9545.
1909
Calculate the highest common factor of 1603 and 22.
1
Calculate the highest common divisor of 291 and 29779.
97
What is the highest common factor of 336 and 10728?
24
What is the greatest common divisor of 990 and 16434?
198
Calculate the highest common factor of 15662 and 8404.
382
What is the highest common factor of 490350 and 175?
175
Calculate the highest common divisor of 1050 and 22425.
75
What is the greatest common factor of 1695666 and 846?
282
Calculate the highest common factor of 23030 and 14.
14
Calculate the greatest common factor of 12726 and 62822.
202
Calculate the greatest common divisor of 56538 and 513.
27
What is the greatest common divisor of 1568 and 4472?
8
Calculate the highest common divisor of 25670 and 59645.
755
What is the highest common factor of 158 and 1036401?
79
Calculate the highest common factor of 6407 and 16727.
43
Calculate the greatest common divisor of 5031 and 27.
9
What is the greatest common factor of 12 and 96918?
6
Calculate the highest common factor of 500 and 2260.
20
What is the greatest common factor of 29 and 6119?
29
Calculate the greatest common factor of 402 and 928218.
402
What is the greatest common divisor of 11196 and 1452?
12
Calculate the greatest common factor of 235500 and 7875.
375
Calculate the greatest common factor of 12 and 10565436.
12
Calculate the greatest common factor of 125 and 53975.
25
What is the greatest common factor of 567 and 6843?
3
Calculate the highest common factor of 2970 and 33440.
110
Calculate the highest common factor of 105 and 765.
15
What is the greatest common divisor of 27678 and 84?
42
Calculate the greatest common divisor of 1177999 and 537.
179
Calculate the highest common divisor of 62 and 243257.
31
Calculate the highest common factor of 1319968 and 1670.
334
Calculate the highest common divisor of 15292037 and 53.
53
What is the highest common divisor of 5434968 and 7392?
1848
What is the highest common factor of 19803 and 276?
69
Calculate the greatest common divisor of 1920 and 39660.
60
What is the highest common divisor of 22137 and 1099?
157
What is the highest common factor of 40259 and 951?
317
What is the greatest common divisor of 775 and 78700?
25
What is the highest common divisor of 1944712 and 9184?
2296
Calculate the highest common factor of 15 and 18185.
5
Calculate the highest common divisor of 3950 and 1665320.
790
Calculate the highest common factor of 216 and 269226.
18
What is the greatest common factor of 40175 and 7300?
25
What is the greatest common divisor of 475 and 450?
25
Calculate the greatest common factor of 4901 and 338.
169
Calculate the highest common divisor of 1630208 and 199.
199
What is the highest common divisor of 5628 and 210?
42
Calculate the greatest common divisor of 82892 and 53.
53
What is the highest common factor of 8176 and 188559?
511
What is the highest common divisor of 3623728 and 16?
16
Calculate the greatest common factor of 27560 and 211523.
689
Calculate the greatest common factor of 842899 and 254.
127
Calculate the highest common factor of 80540 and 470.
10
What is the highest common factor of 936 and 92144?
104
What is the highest common factor of 14623 and 1?
1
What is the greatest common divisor of 3032256 and 8361?
2787
What is the greatest common divisor of 28339 and 136?
17
What is the highest common divisor of 121 and 301?
1
Calculate the highest common divisor of 3053 and 131847.
71
What is the highest common divisor of 14332766 and 14?
1